 980?
False
Is 8259 a multiple of 89?
False
Does 43 divide 64543?
True
Is 21 a factor of 2549?
False
Does 3 divide 172?
False
Does 147 divide 1911?
True
Is 143 a multiple of 11?
True
Is 840 a multiple of 120?
True
Is 4172 a multiple of 27?
False
Does 102 divide 1734?
True
Is 1528 a multiple of 36?
False
Does 15 divide 60?
True
Does 40 divide 2000?
True
Is 15 a factor of 165?
True
Is 1161 a multiple of 4?
False
Is 95 a multiple of 7?
False
Does 33 divide 1683?
True
Is 294 a multiple of 7?
True
Is 38859 a multiple of 11?
False
Is 17 a factor of 70711?
False
Does 33 divide 8943?
True
Is 170 a multiple of 34?
True
Is 832 a multiple of 9?
False
Is 1311 a multiple of 26?
False
Does 13 divide 2327?
True
Does 20 divide 1612?
False
Is 12028 a multiple of 36?
False
Is 83106 a multiple of 38?
True
Is 2616 a multiple of 12?
True
Is 31 a factor of 58342?
True
Does 7 divide 2562?
True
Is 615 a multiple of 41?
True
Is 2599 a multiple of 6?
False
Is 126 a factor of 2529?
False
Is 26 a factor of 3198?
True
Is 17 a factor of 1530?
True
Does 90 divide 689?
False
Does 67 divide 33434?
False
Is 28 a factor of 1728?
False
Does 8 divide 54?
False
Does 8 divide 14116?
False
Is 23 a factor of 238?
False
Is 1880 a multiple of 47?
True
Is 32 a factor of 7424?
True
Is 6 a factor of 279?
False
Does 5 divide 3654?
False
Is 2208 a multiple of 8?
True
Is 8845 a multiple of 151?
False
Is 23 a factor of 1104?
True
Is 28 a factor of 1064?
True
Does 71 divide 747?
False
Is 60 a factor of 6643?
False
Does 10 divide 13090?
True
Does 44 divide 5972?
False
Does 45 divide 238?
False
Does 23 divide 23280?
False
Is 76 a factor of 697?
False
Is 12 a factor of 96?
True
Is 5838 a multiple of 5?
False
Does 13 divide 1289?
False
Does 35 divide 7084?
False
Does 11 divide 509?
False
Is 21 a factor of 33?
False
Does 21 divide 3906?
True
Is 80780 a multiple of 9?
False
Is 123 a factor of 11070?
True
Does 6 divide 174?
True
Does 26 divide 4316?
True
Is 7402 a multiple of 39?
False
Is 104922 a multiple of 22?
False
Does 10 divide 58884?
False
Does 6 divide 1598?
False
Does 24 divide 30894?
False
Does 4 divide 2773?
False
Is 979 a multiple of 11?
True
Does 41 divide 3034?
True
Is 12152 a multiple of 62?
True
Does 4 divide 71?
False
Does 53 divide 4770?
True
Is 8 a factor of 1566?
False
Does 102 divide 2958?
True
Does 26 divide 397?
False
Does 80 divide 1752?
False
Is 49322 a multiple of 24?
False
Does 14 divide 784?
True
Does 29 divide 1274?
False
Does 17 divide 38751?
False
Is 1260 a multiple of 28?
True
Does 18 divide 13302?
True
Is 1708 a multiple of 14?
True
Is 21885 a multiple of 15?
True
Is 6 a factor of 44?
False
Is 10 a factor of 110?
True
Does 9 divide 26424?
True
Is 4504 a multiple of 8?
True
Is 1521 a multiple of 39?
True
Is 28 a factor of 4826?
False
Is 73 a factor of 511?
True
Is 2863 a multiple of 72?
False
Is 137 a multiple of 22?
False
Is 1149 a multiple of 6?
False
Is 30 a factor of 4040?
False
Does 11 divide 11998?
False
Is 1365 a multiple of 107?
False
Does 39 divide 49101?
True
Is 6 a factor of 150?
True
Does 37 divide 142?
False
Does 63 divide 5664?
False
Is 10 a factor of 5720?
True
Is 64 a factor of 1600?
True
Does 21 divide 63?
True
Is 1706 a multiple of 12?
False
Is 17693 a multiple of 40?
False
Is 30498 a multiple of 23?
True
Is 34 a factor of 68?
True
Does 23 divide 667?
True
Is 44 a factor of 391?
False
Is 34 a factor of 14161?
False
Is 3750 a multiple of 10?
True
Does 12 divide 37?
False
Is 2057 a multiple of 106?
False
Is 625 a multiple of 25?
True
Is 11494 a multiple of 3?
False
Is 3369 a multiple of 25?
False
Is 31 a factor of 31?
True
Is 156 a factor of 3120?
True
Is 1470 a multiple of 15?
True
Does 17 divide 3638?
True
Is 2625 a multiple of 18?
False
Does 182 divide 182?
True
Does 4 divide 156?
True
Is 9183 a multiple of 18?
False
Is 20 a factor of 997?
False
Does 4 divide 790?
False
Does 8 divide 11040?
True
Does 11 divide 4521?
True
Is 6 a factor of 194?
False
Is 3 a factor of 54?
True
Does 2 divide 353?
False
Is 20 a factor of 1658?
False
Is 1878 a multiple of 15?
False
Is 42 a factor of 31920?
True
Is 144685 a multiple of 75?
False
Is 19048 a multiple of 16?
False
Is 24 a factor of 2648?
False
Is 1415 a multiple of 117?
False
Is 123 a factor of 21525?
True
Does 11 divide 654?
False
Is 16938 a multiple of 9?
True
Does 140 divide 5931?
False
Does 16 divide 656?
True
Is 8 a factor of 7015?
False
Is 605 a multiple of 44?
False
Is 21 a factor of 28056?
True
Does 91 divide 330?
False
Is 114 a multiple of 19?
True
Is 107 a factor of 10233?
False
Is 3380 a multiple of 52?
True
Does 31 divide 1043?
False
Does 61 divide 233?
False
Does 4 divide 543?
False
Is 90 a factor of 1440?
True
Does 13 divide 2200?
False
Is 102049 a multiple of 41?
True
Does 39 divide 1229?
False
Does 22 divide 7612?
True
Is 26 a factor of 654?
False
Does 23 divide 14720?
True
Is 28 a factor of 718?
False
Is 9764 a multiple of 308?
False
Is 8 a factor of 404?
False
Is 17 a factor of 12885?
False
Is 3198 a multiple of 82?
True
Is 39336 a multiple of 12?
True
Is 112 a factor of 3808?
True
Is 8971 a multiple of 16?
False
Is 3281 a multiple of 21?
False
Is 3 a factor of 1433?
False
Does 5 divide 32?
False
Is 7356 a multiple of 124?
False
Is 17633 a multiple of 113?
False
Does 51 divide 141?
False
Is 14549 a multiple of 46?
False
Does 156 divide 22464?
True
Is 43440 a multiple of 8?
True
Does 59 divide 265?
False
Is 58 a factor of 611?
False
Is 65 a multiple of 4?
False
Is 2638 a multiple of 61?
False
Is 793 a multiple of 2?
False
Is 10751 a multiple of 9?
False
Does 72 divide 11520?
True
Is 6 a factor of 370?
False
Is 30 a factor of 14803?
False
Does 39 divide 312?
True
Is 16929 a multiple of 10?
False
Is 7028 a multiple of 59?
False
Is 2775 a multiple of 111?
True
Does 72 divide 5832?
True
Is 15 a factor of 104520?
True
Is 33900 a multiple of 60?
True
Is 34 a factor of 1099?
False
Does 18 divide 1922?
False
Is 11 a factor of 803?
True
Is 3952 a multiple of 60?
False
Is 5 a factor of 360?
True
Does 11 divide 395?
False
Does 55 divide 1912?
False
Is 6 a factor of 138?
True
Is 53 a factor of 2597?
True
Is 6 a factor of 2702?
False
Is 23 a factor of 759?
True
Is 4752 a multiple of 11?
True
Is 4349 a multiple of 9?
False
Is 5 a factor of 496?
False
Is 1900 a multiple of 25?
True
Is 1058 a multiple of 9?
False
Is 174 a factor of 4442?
False
Is 7020 a multiple of 27?
True
Does 5 divide 10?
True
Is 171015 a multiple of 15?
True
Is 240 a multiple of 15?
True
Is 9 a factor of 729?
True
Is 118342 a multiple of 79?
True
Does 5 divide 1810?
True
Is 652 a multiple of 50?
False
Does 3 divide 56?
False
Does 18 divide 918?
True
Is 4 a factor of 7587?
False
Is 2299 a multiple of 17?
False
Does 27 divide 864?
True
Is 240 even?
True
Is 20 a factor of 30410?
False
Does 4 divide 6364?
True
Is 8396 a multiple of 59?
False
Is 35 a factor of 210?
True
Does 17 divide 3848?
False
Is 10 a factor of 790?
True
Does 17 divide 179?
False
Is 19 a multiple of 4?
False
Does 13 divide 2197?
True
Is 1140 a multiple of 19?
True
Does 17 divide 9399?
False
Is 20795 a multiple of 19?
False
Is 59 a factor of 7139?
True
Is 5984 a multiple of 187?
True
Does 371 divide 78652?
True
Is 29 a factor of 348?
True
Is 1440 a multiple of 96?
True
Is 18 a factor of 2885?
False
Does 55 divide 4158?
False
Is 26 a factor of 9342?
False
Is 13887 a multiple of 12?
False
Does 54 divide 1296?
True
Is 656 a multiple of 82?
True
Is 12 a factor of 58619?
False
Is 54 a multiple of 7?
False
Is 141 a factor of 7010?
False
Is 48 a multiple of 16?
True
Is 1092 a multiple of 26?
True
Is 25 a factor of 4725?
True
Is 32 a factor of 95582?
False
Does 29 divide 203?
True
Does 26 divide 27716?
True
Is 14 a factor of 1148?
True
Is 17 a factor of 2749?
False
Is 54 a factor of 7182?
True
Is 12 a factor of 612?
True
Is 10 a factor of 2110?
True
Is 359 a multiple of 7?
False
Is 18 a factor of 11382?
False
Is 24 a factor of 120?
True
Is 61 a factor of 879?
False
Is 6 a factor of 9994?
False
Does 23 divide 8027?
True
Does 48 divide 1003?
False
Does 35 divide 175?
True
Is 85 a factor of 3584?
False
Does 5 divide 325?
True
Does 11 divide 1005?
False
Is 17531 a multiple of 5?
False
Does 6 divide 2917?
False
Is 2 a factor of 609?
False
Is 13 a factor of 15119?
True
Does 180 divid